138. Calculate m(-1433).
15
Let j(b) = -27*b**2 + 189*b + 911. Determine j(-5).
-709
Let j(p) = p**3 + 117*p**2 + 386*p + 5016. Determine j(-114).
0
Let p(g) = -5*g**2 + 3750*g + 84906. Calculate p(772).
-14
Let t(f) = 5*f**2 + 808*f - 8423. What is t(11)?
1070
Let k(y) = y**2 + 9510*y - 16. Determine k(0).
-16
Let f(p) = p**3 + 110*p**2 - 3041*p + 2183. Determine f(-133).
-211
Let i(p) = -785*p + 170307. Calculate i(217).
-38
Let j(f) = 5*f**2 - 160*f + 1945. Calculate j(19).
710
Let b(q) = q**2 - 20188*q - 849664. Determine b(-42).
-4
Let p(n) = -1480*n + 23. What is p(1)?
-1457
Let b(r) = -305*r - 2771. Give b(-14).
1499
Let v(c) = 2100*c - 42074. What is v(20)?
-74
Let l(d) = -2*d**3 - 72*d**2 - 512*d - 681. Give l(-27).
21
Let r(l) = 464*l**2 - 3740*l + 229. Calculate r(8).
5
Let r(h) = -60238*h - 241212. Calculate r(-4).
-260
Let m(h) = 12237*h + 12310. Determine m(-1).
73
Let f(i) = -50410*i + 403284. Determine f(8).
4
Let o(b) = -b**2 + 128*b + 4339. What is o(-36)?
-1565
Let x(d) = -2*d**3 + 340*d**2 - 14228*d - 1642. What is x(75)?
8
Let t(k) = -10788*k - 2923550. Give t(-271).
-2
Let n(q) = 38*q**3 - 340*q**2 - 115*q + 951. What is n(9)?
78
Let u(o) = 208*o + 10705. Calculate u(-49).
513
Let s(p) = -1060*p + 12741. Give s(12).
21
Let n(c) = c**3 + 6*c**2 - 483*c - 4062. Calculate n(-20).
-2
Let p(t) = -t**3 + 24*t**2 - 229*t + 4883. Calculate p(22).
813
Let a(j) = -3*j**3 - 622*j**2 - 1447*j - 2457. Give a(-205).
3
Let v(h) = 544*h + 877. Give v(0).
877
Let t(m) = -4*m**3 - 3660*m**2 + 7338*m + 1819. What is t(-917)?
-15
Let v(x) = 6*x**2 - 15*x - 73. What is v(-2)?
-19
Let a(v) = 285*v**3 - 1705*v**2 + 63*v - 564. Determine a(6).
-6
Let g(t) = -t**3 - 164*t**2 + 321*t - 1947. Determine g(-166).
-121
Let j(n) = -7*n**3 + 3*n**2 + 36*n - 101. Calculate j(3).
-155
Let v(i) = 74181*i + 1186902. Calculate v(-16).
6
Let x(k) = 15*k**2 - 3047*k + 605. What is x(203)?
199
Let m(i) = -5*i**2 - 34317*i + 274652. Give m(8).
-204
Let l(x) = -33*x**2 - 2882*x - 16259. Determine l(-6).
-155
Let k(r) = 80*r - 7395. Determine k(84).
-675
Let w(u) = u**3 - 100*u**2 + 1036*u + 14412. Calculate w(86).
-36
Let m(g) = 13*g**3 + 1107*g**2 + 170*g - 3. Calculate m(-85).
-3
Let i(m) = m**3 - 163*m**2 + 5086*m - 299. What is i(42)?
-131
Let n(r) = 5107*r - 51088. Calculate n(10).
-18
Let y(s) = 8*s**2 + 11309*s - 252662. Give y(22).
8
Let z(l) = 90170*l + 231. Determine z(0).
231
Let i(u) = -4*u**2 + 8*u - 1312. Determine i(0).
-1312
Let c(h) = -26*h**2 - 970*h - 144. Calculate c(-35).
1956
Let o(r) = 5*r - 77. What is o(-8)?
-117
Let y(s) = 2143*s - 23479. What is y(11)?
94
Let i(v) = -5341*v - 11303. Give i(-2).
-621
Let y(n) = n**2 - 13326*n - 253565. Give y(-19).
-10
Let j(u) = 2*u**2 - 85*u + 670. Determine j(17).
-197
Let t(i) = -5*i**3 - 19*i**2 - 23791*i - 95193. Give t(-4).
-13
Let i(w) = -w**3 + 2*w**2 - 101*w - 791. Determine i(-7).
357
Let a(g) = g**3 - 44*g**2 + 409*g + 1714. Calculate a(25).
64
Let p(g) = -24292*g + 48579. Give p(2).
-5
Let r(v) = 36*v**2 - 2673*v + 642. Determine r(74).
-24
Let r(v) = 90*v**2 + 20291*v + 69053. Give r(-222).
11
Let k(u) = 3563*u**2 - 17821*u - 8. What is k(5)?
-38
Let s(a) = -79*a**2 - 6*a + 1. Give s(4).
-1287
Let u(r) = -2*r**3 + 62*r**2 - 185*r - 1473. What is u(8)?
-9
Let h(u) = -u**2 + 881*u + 29245. Determine h(-32).
29
Let s(h) = -1971417*h - 7885673. Calculate s(-4).
-5
Let m(g) = 2522*g + 7691. Determine m(-3).
125
Let o(l) = 2949*l - 88574. Give o(30).
-104
Let u(r) = 214*r + 2140. What is u(-9)?
214
Let q(w) = -1713*w + 12994. Give q(6).
2716
Let y(b) = 1786*b + 67880. What is y(-38)?
12
Let a(j) = 48657*j - 924505. Calculate a(19).
-22
Let s(h) = 5*h**2 + 36*h - 508. Calculate s(-15).
77
Let g(y) = 501*y**2 - 193887*y - 6. Give g(387).
-6
Let n(v) = 280838*v + 2527437. Calculate n(-9).
-105
Let t(y) = -y**3 - 17*y**2 + 853*y - 5240. What is t(8)?
-16
Let u(f) = -f**2 - 223699*f - 6486430. What is u(-29)?
0
Let k(h) = 24*h**2 + 354*h + 1428. Determine k(-4).
396
Let n(z) = -9581997*z - 57491985. Calculate n(-6).
-3
Let d(q) = q**2 - 22*q - 2307. Determine d(60).
-27
Let m(o) = 2*o**3 - 3*o**2 - 6250*o - 86326. Determine m(-15).
-1
Let z(i) = -416*i + 16858. Give z(40).
218
Let v(j) = -254*j + 1112. Give v(11).
-1682
Let s(b) = -110*b**2 + 293*b - 135. Determine s(2).
11
Let b(j) = -3*j**3 - 5*j**2 + 306*j - 272. Determine b(0).
-272
Let y(q) = -1487*q - 3152. Determine y(-2).
-178
Let q(v) = 753*v**3 + 14*v**2 - 15*v. Determine q(1).
752
Let k(d) = -2*d**2 - 853*d - 11526. Determine k(-14).
24
Let q(i) = -197*i**2 + 12612*i + 92. Calculate q(64).
348
Let n(p) = -79*p**3 - 21*p**2 - 111*p - 116. Determine n(-2).
654
Let w(p) = 2527*p - 5628. Calculate w(3).
1953
Let w(h) = -390*h - 2468. Calculate w(-6).
-128
Let s(i) = -2*i**2 + 1097*i - 79335. Determine s(86).
215
Let g(k) = -27*k + 1033. What is g(39)?
-20
Let t(u) = u**3 - 91*u**2 + 469*u + 3514. What is t(85)?
29
Let y(p) = -35709*p + 10641280. Give y(298).
-2
Let k(s) = -61369*s + 6443739. Determine k(105).
-6
Let p(g) = 5*g**3 + 257*g**2 + 108*g + 340. Calculate p(-51).
34
Let a(s) = -s**2 + 43821*s - 262896. Calculate a(6).
-6
Let m(w) = -w**3 + 7*w**2 + 18386*w - 327366. Determine m(18).
18
Let w(j) = -4*j**3 + 397*j**2 - 6171*j + 884. What is w(80)?
4
Let h(f) = -241597*f - 2657586. Calculate h(-11).
-19
Let p(c) = 17*c**3 + 3*c**2 - 56*c - 58. Calculate p(-1).
-16
Let z(l) = -l**3 + 16*l**2 + 116*l + 182. Calculate z(22).
-170
Let u(s) = s**3 + 10*s**2 - 2142*s - 23445. Calculate u(-11).
-4
Let t(y) = 8*y**3 + 280*y**2 + y + 156. Calculate t(-35).
121
Let k(h) = -127*h**2 + 982*h - 1323. Determine k(6).
-3
Let u(r) = -r**3 - 87*r**2 - 385*r + 131. Determine u(-5).
6
Let i(x) = 226*x**3 + 6*x**2 - 17*x + 12. Calculate i(1).
227
Let i(w) = 40144*w - 120442. Give i(3).
-10
Let t(v) = 5*v**3 - 5*v**2 - 28*v - 78. What is t(-4)?
-366
Let q(t) = 276993*t - 3877908. Calculate q(14).
-6
Let u(g) = 711*g - 4976. Calculate u(8).
712
Let h(u) = 17661*u + 2684445. What is h(-152)?
-27
Let r(n) = 58*n + 1744. Give r(-30).
4
Let c(n) = -1664*n - 19616. Calculate c(-12).
352
Let d(a) = 11*a**2 - 43*a + 234. Calculate d(9).
738
Let x(z) = -13*z**3 - 158*z**2 + 60*z + 424. What is x(-12)?
-584
Let t(d) = -335*d**2 + 3414*d - 7232. What is t(3)?
-5
Let n(v) = -562*v**2 + 2218*v + 99. Give n(4).
-21
Let w(u) = -u**3 - 39*u**2 - 256*u + 1445. Determine w(-28).
-11
Let x(m) = m**3 + 4*m**2 + 4851*m + 29212. What is x(-6)?
34
Let m(c) = -c**2 - 4938*c - 1614270. Determine m(-352).
2
Let u(j) = 11*j**2 - 9992*j + 9991. Calculate u(1).
10
Let h(m) = 97692*m + 5861515. Determine h(-60).
-5
Let u(k) = -126*k**2 - 1873*k + 248. What is u(-15)?
-7
Let v(t) = -102294*t + 1227493. Calculate v(12).
-35
Let c(f) = -3258*f - 241123. Calculate c(-74).
-31
Let i(u) = -16959*u + 712269. Determine i(42).
-9
Let m(i) = -415*i - 2832. Determine m(-7).
73
Let q(f) = -2*f**3 - 66*f**2 + 296*f + 7. Give q(-37).
7
Let u(z) = -55722*z - 1783109. Calculate u(-32).
-5
Let j(b) = b**3 + 41*b**2 - 21*b - 49. Calculate j(-41).
812
Let m(l) = -5*l**3 + 756*l**2 - 144*l - 929. Determine m(151).
128
Let o(s) = 722*s + 51522. Determine o(-71).
260
Let f(i) = 4007*i + 115654. Determine f(-29).
-549
Let m(n) = 5*n**3 - 14*n**2 + 445*n - 1826. What is m(4)?
50
Let r(t) = 5517*t - 16811. What is r(3)?
-260
Let d(y) = 10*y**2 + y - 85. Give d(-4).
71
Let z(k) = -463*k**2 + 4167*k - 54. Give z(9).
-54
Let i(c) = 21*c**2 + 741*c - 7169. Determine i(8).
103
Let y(c) = -c**3 + 122*c**2 - 1833*c + 5293. Give y(105).
253
Let w(f) = -4*f**3 + 7154*f**2 - 71139*f - 5. Calculate w(10).
5
Let j(n) = 127*n**2 + 6150*n + 2527. Determine j(-48).
-65
Let g(i) = 118*i + 5585. Give g(-47).
39
Let f(i) = 123*i**2 - 793*i + 276. Give f(6).
-54
Let s(j) = j**3 + 5*j**2 - 7*j + 117. What is s(0)?
117
Let s(n) = -4*n**2 + 36*n + 108. Determine s(11).
20
Let i(h) = 24115*h - 48217. Determine i(2).
13
Let l(k) = -24841*k - 571333. Give l(-23).
10
Let a(z) = -z**2 + 1126*z - 15577. Calculate a(14).
-9
Let u(t) = -2*t**2 + 106*t + 7194. Determine u(-42).
-786
Let b(j) = j**3 - 67*j**2 + 1134*j - 115. Give b(35).
375
Let x(s) = -2*s**3 + 4*s**2 + 153*s - 1156. Calculate x(7).
-575
Let m(l) = 2418*l + 292604. Give m